 6*p + 12. What is k(p)?
3
Let a(g) = -g**3 + 13*g**2 - g + 14. Let l(w) = w**2 + 12*w. Let v be l(-13). Determine a(v).
1
Suppose -5*v - a = -2, 5 = v + 3*a + 13. Suppose -2*g = 3*d - 6*g + 15, 4*d = -g - v. Let c(i) = 11*i. Determine c(d).
-11
Let x(d) be the first derivative of d**4/12 + 33*d**2/2 - 27*d - 39. Let p(s) be the first derivative of x(s). What is p(0)?
33
Let d(u) = -4*u**3 - 4*u**2 + 2*u - 2. Let z(w) = -25*w**3 + 1 - w - w**2 + 4*w**2 + 28*w**3 - w. Let r(h) = 2*d(h) + 3*z(h). Give r(-2).
-1
Let l be (107/(-4))/((-11)/44). Let s = 98 - l. Let d(j) = j**3 + 8*j**2 - 9*j - 1. Determine d(s).
-1
Let r(k) = -4 + 2 + 4 + k. Suppose -5*u + n = 7, 2*u + 48*n - 47*n = 0. Determine r(u).
1
Suppose -4*z = -17 + 13. Suppose -3*o = -2*n - 8, -4*o + 20 = -0*o + 2*n. Let s be (-90)/9 + z*o. Let i(y) = -y**2 - 8*y - 4. What is i(s)?
8
Let m(n) = -n**2 - n + 10. Let a be m(-3). Let h(s) = -4*s + 14. Let y(k) = -3*k + 13. Let b(o) = a*h(o) - 5*y(o). Give b(-7).
-2
Let i(o) be the first derivative of -o**2/2 + 2*o - 1. Calculate i(-6).
8
Let z(k) = -10*k**2 + 1. Suppose 6 = 2*l - 0. Suppose -12 = -o - l*o. Suppose 2 = 5*y - o. Give z(y).
-9
Let a(d) = d**3 + 6*d**2 + 2*d + 4. Let q(c) = -c**3 - 17*c**2 + 2*c + 28. Let f be q(-17). Calculate a(f).
-8
Let z = 9 + -7. Suppose z*t - 6*t + y + 14 = 0, -t = -2*y. Suppose -t*f + 6 = -2*f. Let m(q) = q**3 - 3*q**2 - 2*q + 3. Calculate m(f).
-3
Let y(z) = 12*z - 7*z**2 + 2 + 8*z**2 - 7*z. Determine y(0).
2
Let f(l) = l + 13. Let n = 581 - 592. Calculate f(n).
2
Let a(j) be the second derivative of -j**5/5 - j**4/3 - j**3/2 - j**2/2 - 437*j. Determine a(-2).
21
Let f(z) be the second derivative of 3/2*z**2 + 0 + 2/3*z**3 + 1/6*z**4 + 5*z. Let d = 23 - 25. Give f(d).
3
Let q(t) = -t**2 - 9*t + 19. Let w be q(-10). Suppose -w = s - 4*s. Let j(v) = -11*v + 13. Let k(b) = -5*b + 6. Let g(h) = -4*j(h) + 9*k(h). Give g(s).
-1
Let h(x) be the second derivative of 5*x**3/6 + 3*x**2/2 + 3*x - 3. Give h(3).
18
Let b(r) = -r - 6. Let i be (-7 + -1)/(-7 - -3 - -6). Let q be 6/10*((-28)/i + -12). Determine b(q).
-3
Let p(k) = -6*k - 4. Let c be 21 - 4/(-6)*3. Suppose -5*u = -3 + c. Calculate p(u).
20
Let p(k) = -3*k + 7. Let u be p(4). Let y be (3/4)/(u/(-20)). Let x(h) = h**y - h**2 - 24*h - 2 + 21*h - 1 + 4. Determine x(3).
10
Let w be (-2 - (-20)/8)*4. Suppose -w*r = 4*g + 7 + 7, 0 = -4*r - 3*g - 3. Let i(c) = c**2 + 3*c + 2. Calculate i(r).
20
Let w(v) = -v**2 - 4*v - 9 - 3*v + 0*v**2. Let u(z) = 3*z + 39. Let h(r) = -3*r - 38. Let o(k) = 6*h(k) + 7*u(k). Let p be o(-17). Determine w(p).
-3
Let v(t) = 4*t**2 + 2*t - 2. Suppose 5*u - 15 = -5. Let x be 2 - (3 + u/2). Determine v(x).
10
Suppose 0*b + 2*b = 16. Suppose 13*o - b*o - 20 = 0. Let k(u) = -2*u**2 + 5*u + 2. Give k(o).
-10
Suppose 5*f = 4*y - 33, 4*y + 17 = f - 6*f. Let s = -10 - f. Let o(r) be the third derivative of -r**5/60 - 5*r**4/24 + r**3/3 - 4*r**2 - 21. What is o(s)?
2
Let y(p) = -2*p**2 - 9*p - 7. Let z be (1 + 19)*(-35)/140. What is y(z)?
-12
Suppose -15*t - 11 = -56. Let d(s) = s**3 - 4*s**2 + 5*s - 2. Determine d(t).
4
Let q(a) = -6*a**2 + 80*a - 84. Let z(r) = r**2 - 16*r + 17. Let y(g) = -2*q(g) - 11*z(g). Let o be y(-17). Let k(j) = 0 + 0 + 4*j + 2. Calculate k(o).
-6
Let b(a) be the first derivative of -a**4/4 - 7*a**3/3 - a**2/2 + 8*a - 36. Calculate b(-7).
15
Let l(u) = -6 - 10 - 13 + 26 - 2*u + u**2 + 2. Suppose 3*r - 4*c - 9 = 0, 4*c + 11 = r - 0*c. Give l(r).
2
Let v(d) = -5*d + 6. Let j be v(0). Let r(b) = 0*b**2 - 3 - j*b - b**3 - 3*b**2 - 2*b**2. Determine r(-4).
5
Let m(o) = -3*o + 7. Let x be m(5). Let s = -12 - x. Let b(w) = -6*w**2 - 11*w - 2. Let a(k) = 5*k**2 + 10*k + 2. Let l(t) = 5*a(t) + 4*b(t). Calculate l(s).
-6
Let n(c) = -14*c**2 + 2*c - 7. Let z(r) = 12*r**2 - 2*r + 6. Let g(d) = -5*n(d) - 6*z(d). Suppose 5*y = -y + 18. Give g(y).
-13
Suppose 5 = -4*t + 5*d, 5*d - 28 = -3. Let q(x) = 214*x - 215*x - x**3 - 24*x**2 + 28*x**2 + t. Give q(4).
1
Let c(v) = 8*v**2 - 458 - 3*v + 458. Give c(2).
26
Let c(k) = -2*k**2 - 17*k - 1. Let p(h) = 5*h**2 + 37*h + 2. Let f(u) = 7*c(u) + 3*p(u). What is f(6)?
-13
Suppose 9 = 3*y + y - 3*u, 4*y = u + 11. Let x(j) = -2*j**2 + 4*j - 16. Let p(v) = -3*v**2 + 6*v - 23. Let d(h) = -5*p(h) + 7*x(h). Calculate d(y).
6
Let m(f) = -f**2 - f + 6. Let y(n) = -1. Let j(l) = l**2 + 8*l - 9. Let z(q) = j(q) - 2*y(q). Let u be z(-8). Let p(c) = 2*c + 14. Let x be p(u). What is m(x)?
6
Let s(g) = -5*g**2 - 1 - 13 + 11 + 10 + g**3 - 2*g. What is s(5)?
-3
Let p(r) = -110*r + 220. Let c be p(2). Let l(n) = -3*n. Let x(m) = -4*m. Let u(i) = -3*l(i) + 2*x(i). Give u(c).
0
Let z(q) be the third derivative of q**8/20160 - q**7/2520 - 7*q**6/720 - q**5/20 - 11*q**2. Let f(i) be the third derivative of z(i). Determine f(5).
8
Let y be (-10)/4 + 1/(-2). Let z(o) be the first derivative of 3*o + 6 - 1/3*o**3 + 1/2*o**2. Give z(y).
-9
Let t(d) be the first derivative of d**3/3 + 5*d**2/2 + 9*d + 391. Give t(-6).
15
Let h(z) be the first derivative of -z**2 + 2*z + 178. Give h(-8).
18
Let i(w) = -2*w - 3. Let k(b) = b + 2. Let x(u) = 2*i(u) + 3*k(u). Let v = -1 - 5. Let o be (-4)/v - (-15)/(-9). What is x(o)?
1
Let s(p) = p**2 - 17*p + 14. Let z be (-2)/(123/(-15) + 8). Determine s(z).
-56
Let r(t) be the second derivative of -t**4/12 + 5*t**3/6 - 5*t**2/2 + t. Let p = -362 + 237. Let w = 130 + p. Give r(w).
-5
Let f(r) = 3*r**2 + 3*r - 9. Let u(a) = 13*a**2 + 12*a - 37. Let o(y) = -9*f(y) + 2*u(y). Suppose 5*t = -15 - 15. Let i be 81/(-12) + t/(-8). Determine o(i).
-11
Let j(m) = -m**3 + 5*m**2 - 5*m - 2. Let l be 3 + (-115)/(25/(-5)). Suppose -2*b + 7*b = 2*g + 14, 0 = -2*g - 5*b + l. Suppose -g*i + 20 = 2*i. Calculate j(i).
-6
Let t(k) = -10*k - 5. Let b(g) = 2*g + 1. Let n(q) = -4*b(q) - t(q). Give n(-2).
-3
Suppose 0 = -5*r + 2*u + 2*u - 8, 3*u - 6 = 3*r. Let n(m) = m**2 - m + 7. Let q(h) = 2*h**2 - 3*h + 15. Let w(k) = -5*n(k) + 2*q(k). Give w(r).
-5
Let m be (-2)/(-6) + 19/(-3). Let u(c) be the second derivative of -c**3/6 - 7*c**2 - 3*c. Let y(i) = 5*i + 71. Let d(a) = 11*u(a) + 2*y(a). What is d(m)?
-6
Let k(t) = 60*t - 5 - 63*t + 0. Let q = 2 + -6. Give k(q).
7
Let w(p) = 8*p**3 - 2*p**2 - p - 86. Let v(i) = 7*i**3 - 2*i**2 - i - 74. Let g(b) = -7*v(b) + 6*w(b). Let u = 2 + 1. Determine g(u).
-4
Let m be (-11)/(-2) - 2/(-4). Let d(r) be the second derivative of -2*r**2 + 0 - 9*r + 5/12*r**4 + r**3 - 1/20*r**5. What is d(m)?
-4
Let a be (-1*(0 + 5))/(-1). Suppose -5*k = -4*p - 2, p + 0*p + 8 = a*k. Let c(i) = k*i**3 + i - i**3 - 2*i**2 + 2 - 2*i - 3. What is c(3)?
5
Suppose -12 + 33 = -3*b. Let f(d) = 5*d + 1. Let h(u) = -u - 1. Let k = 53 + -52. Let m(v) = k*f(v) + 6*h(v). Give m(b).
2
Suppose -3*h - 2*q = -11, -2*h - 2*h + 11 = -q. Suppose -h*z + 10 = -d - 0*d, 6 = 3*d + 3*z. Let f(l) = -2*l**2 + 2*l + 1. What is f(d)?
-3
Let r(d) = -5*d**3 - 4*d**2 - 17*d + 7. Let i(m) = -m**3 - 3*m. Let v(k) = -6*i(k) + r(k). What is v(3)?
1
Let i(h) = -h**2 + 7*h + 2. Let y(m) = 2*m**2 - 21*m + 15. Let r(x) = -x**2 + 8*x - 2. Let t be r(6). Let p be y(t). What is i(p)?
12
Let z(x) be the first derivative of x**2/2 - 3*x + 544. Calculate z(-4).
-7
Suppose 2*n + 4*x = -36, 5*x + 57 = -3*n - n. Let y = n - -10. Let z(u) = 1 + y*u**2 - 2*u + 4*u - 6*u**3 + 0 + 0. Determine z(-1).
7
Let h(q) = -q**3 + 10*q**2 - 21*q + 3. Let g be h(7). Let z(u) = 6 + 0*u**2 + 5*u - u**g - 3*u**2 + 5*u**2 + 3*u**2. What is z(6)?
0
Let d(q) = -2*q + 2. Let z be d(7). Let i(u) be the third derivative of -u**4/24 - 11*u**3/6 + 10*u**2 - u. Give i(z).
1
Let y(w) be the second derivative of w**8/6720 - w**7/840 + w**6/360 - w**5/60 - w**4/12 - 13*w. Let z(l) be the third derivative of y(l). What is z(3)?
4
Let l(u) = u + 3. Suppose -27 = 3*m + 5*t, -5*m + 3*t = 48 + 31. Let d = m + 14. Calculate l(d).
3
Suppose -20*i = 17*i - 185. Let k(g) = 6 + 2*g**2 - g**2 - 13*g + 7*g. What is k(i)?
1
Let y(u) = -5*u + 162. Let a be y(31). Let t(h) = -h**3 + 5*h**2 + 6*h. Calculate t(a).
-56
Suppose 2*a + 2 = -4. Let k(q) be the third derivative of q**6/120 + q**5/12 + q**4/8 - q**3/2 + 3789*q**2. Determine k(a).
6
Let l(p) be the second derivative of -1/2*p**2 - 4*p + 0 + 1/3*p**3. Suppose -3*d + 24 = -3*i, -3*i - 2*i = 4*d + 13. Calculate l(d).
5
Le